?
-1575
What is 11001100 (base 2) in base 3?
21120
What is 1417 (base 10) in base 16?
589
880 (base 12) to base 2
10011100000
Convert -585 (base 13) to base 16.
-3ba
What is -1834 (base 13) in base 15?
-10e7
14417 (base 10) to base 14
537b
Convert 1ba0 (base 13) to base 15.
1391
41626 (base 7) to base 12
5b31
Convert -5632 (base 10) to base 5.
-140012
Convert 879 (base 14) to base 10.
1675
1327 (base 8) to base 7
2056
2003 (base 8) to base 10
1027
-225 (base 13) to base 10
-369
Convert -11022021 (base 3) to base 12.
-1997
Convert 470 (base 13) to base 12.
53b
What is 2603 (base 7) in base 6?
4315
What is -254310 (base 6) in base 16?
-59e2
Convert -98b1 (base 12) to base 2.
-100000111000101
3c (base 16) to base 9
66
-20 (base 12) to base 9
-26
649 (base 14) to base 16
4d9
-bb2 (base 13) to base 2
-11111010100
What is 269 (base 15) in base 4?
20211
What is 3402 (base 13) in base 6?
53353
What is -519 (base 13) in base 15?
-3cc
Convert a6 (base 13) to base 10.
136
Convert 6932 (base 13) to base 10.
14744
What is -496 (base 11) in base 3?
-210211
3655 (base 14) to base 11
7141
Convert 2036 (base 8) to base 15.
4a4
Convert 536 (base 10) to base 8.
1030
c7 (base 15) to base 4
2323
1814 (base 11) to base 14
bb4
What is 150311 (base 6) in base 12?
8397
What is -1221 (base 8) in base 12?
-469
Convert -474 (base 12) to base 16.
-298
Convert 1174 (base 9) to base 2.
1101101101
Convert 2233033 (base 4) to base 13.
5149
1011010101100 (base 2) to base 8
13254
Convert -205513 (base 8) to base 3.
-10110212100
Convert -258 (base 16) to base 7.
-1515
466 (base 8) to base 12
21a
Convert -385 (base 12) to base 8.
-1025
-dec (base 15) to base 7
-12114
-14a55 (base 12) to base 16
-71e1
-395 (base 15) to base 16
-32f
Convert -111110011 (base 2) to base 16.
-1f3
What is 331101 (base 7) in base 3?
2221120210
What is 14000 (base 11) in base 6?
232233
2130 (base 6) to base 12
346
a74 (base 14) to base 10
2062
What is -1b98 (base 16) in base 8?
-15630
Convert 138 (base 9) to base 11.
a6
Convert 2203 (base 6) to base 13.
300
aa (base 14) to base 9
176
-131264 (base 7) to base 4
-11332301
Convert 349 (base 14) to base 9.
805
2100102 (base 3) to base 11
1317
Convert 31321211 (base 4) to base 11.
39858
Convert -112616 (base 7) to base 12.
-b835
Convert 3532 (base 7) to base 11.
a7a
11001111110100 (base 2) to base 4
3033310
Convert -21121021 (base 3) to base 7.
-22105
Convert -364a (base 15) to base 9.
-16747
-12133 (base 4) to base 13
-25c
Convert -516 (base 13) to base 10.
-864
Convert -c18 (base 14) to base 10.
-2374
14526 (base 7) to base 14
1686
354a (base 12) to base 15
1b77
Convert 23000 (base 4) to base 7.
2024
Convert 3a87 (base 11) to base 16.
14b2
Convert 13232 (base 4) to base 11.
40a
312310 (base 4) to base 6
24124
Convert 122101 (base 6) to base 7.
43411
What is 343 (base 9) in base 10?
282
5453 (base 7) to base 13
b6c
What is 2317 (base 9) in base 15?
797
-1020112210 (base 3) to base 14
-8cac
-43653 (base 8) to base 11
-1286a
-133420 (base 5) to base 4
-1111231
What is 2aa70 (base 13) in base 10?
80873
-27646 (base 13) to base 16
-11f65
What is -211022 (base 3) in base 9?
-738
What is 450a (base 11) in base 16?
1733
-523 (base 11) to base 9
-770
Convert 3079 (base 11) to base 10.
4079
What is -8526 (base 15) in base 4?
-12320001
-314131 (base 5) to base 9
-15412
What is -1409c (base 13) in base 11?
-26181
10200122 (base 3) to base 11
2026
Convert -11703 (base 8) to base 7.
-20515
-361 (base 12) to base 7
-1321
What is -1130 (base 6) in base 9?
-330
Convert -12c (base 15) to base 10.
-267
Convert -10011122012 (base 3) to base 7.
-350003
What is -472 (base 8) in base 7?
-626
-11a40 (base 12) to base 16
-5d90
210021 (base 3) to base 7
1450
What is -10011011 (base 2) in base 16?
-9b
70a0 (base 11) to base 5
300202
What is -1101212001 (base 3) in base 16?
-6bcb
-33303 (base 10) to base 7
-166044
-2482 (base 10) to base 7
-10144
Convert 1462 (base 7) to base 4.
21013
Convert -893 (base 11) to base 6.
-4542
Convert -975 (base 10) to base 15.
-450
What is 1743 (base 12) in base 6?
20523
Convert 65216 (base 8) to base 13.
c554
365 (base 16) to base 10
869
What is 8a2 (base 16) in base 11?
172a
-12637 (base 9) to base 7
-33616
What is -2090 (base 12) in base 14?
-1428
-2244 (base 5) to base 12
-230
a664 (base 11) to base 2
11011100011010
-10111000110 (base 2) to base 14
-778
What is 210030 (base 4) in base 11?
1816
What is -300531 (base 7) in base 11?
-350a0
What is 2b59 (base 12) in base 16?
13f5
-15804 (base 9) to base 7
-43441
What is -3034 (base 6) in base 9?
-824
d2d (base 15) to base 10
2968
Convert -32431 (base 6) to base 4.
-1012003
What is -63a (base 14) in base 11?
-a17
What is 23a0 (base 13) in base 14?
1b95
-1100101110110011 (base 2) to base 4
-30232303
What is -120020221 (base 3) in base 12?
-652a
Convert -54532 (base 7) to base 6.
-143101
6220 (base 7) to base 2
100001111010
-6586 (base 11) to base 15
-2890
What is 3565 (base 8) in base 15?
874
102 (base 11) to base 4
1323
What is -8146 (base 10) in base 8?
-17722
Convert -2133441 (base 5) to base 2.
-1000111110001010
Convert -3077 (base 9) to base 7.
-6403
Convert -242 (base 12) to base 16.
-152
Convert -83a (base 14) to base 6.
-11300
What is 162 (base 7) in base 11?
85
1141 (base 6) to base 9
337
Convert 1333 (base 7) to base 10.
514
What is -20010002 (base 3) in base 15?
-14c2
-48502 (base 9) to base 10
-32483
-bc6 (base 13) to base 10
-2021
What is 306 (base 11) in base 7?
1035
521 (base 6) to base 8
301
What is 3207 (base 9) in base 12?
1444
-112000 (base 6) to base 13
-4431
Convert -1266 (base 9) to base 10.
-951
-273b (base 12) to base 3
-20012002
808 (base 9) to base 15
2db
What is -736 (base 8) in base 9?
-581
What is -1122120 (base 3) in base 6?
-5323
-21121122 (base 4) to base 13
-1469a
What is -24031 (base 6) in base 16?
-d93
Convert 1011010110 (base 3) to base 6.
253020
-b13 (base 14) to base 5
-32143
Convert 13412 (base 5) to base 2.
10001010011
What is -367 (base 9) in base 11?
-257
Convert 3771 (base 10) to base 2.
111010111011
What is -16247 (base 8) in base 4?
-1302213
Convert -10121100 (base 3) to base 7.
-10443
-46 (base 7) to base 2
-100010
11210 (base 3) to base 15
89
-24529 (base 11) to base 14
-cbb4
What is -3340 (base 6) in base 12?
-550
dbe (base 15) to base 10
3104
41 (base 13) to base 4
311
-3b02 (base 13) to base 11
-6394
Convert 18b (base 15) to base 12.
258
What is -1110000001 (base 2) in base 3?
-1020020
17 (base 15) to base 12
1a
What is -61153 (base 7) in base 5?
-433321
What is -210 (base 3) in base 11?
-1a
What is 3435 (base 6) in base 12?
57b
What is -111101001001010 (base 2) in base 11?
-21580
What is 1988 (base 14) in base 12?
2818
10324 (base 8) to base 5
114213
What is -4401 (base 5) in base 8?
-1131
Convert 1ee9 (base 15) to base 2.
1101001011000
31564 (base 8) to base 13
5cc3
Convert -539 (base 11) to base 12.
-45b
-e657 (base 15) to base 9
-73701
Convert -2ba6 (base 14) to base 16.
-1e6e
1114 (base 5) to base 15
a9
Convert -1f9 (base 16) to base 7.
-1321
What is 26218 (base 10) in base 4?
12121222
100213 (base 4) to base 9
1411
What is -3214 (base 5) in base 12?
-302
-11013 (base 4) to base 8
-507
Convert 5c (base 16) to base 3.
10102
Convert -110101100 (base 2) to base 4.
-12230
11202 (base 6) to base 4
120302
What is -10000011001001 (base 2) in base 11?
-6340
-21042 (base 9) to base 12
-8055
-1003 (base 7) to base 14
-1aa
5152 (base 12) to base 7
34535
-1021112110 (base 3) to base 7
-133254
What is -12230 (base 4) in base 13?
-26c
What is 282 (base 13) in base 6?
2020
What is -422 (base 7) in base 12?
-158
-1010000000 (base 2) to base 4
-22000
What is -11222012 (base 3) in base 14?
-146b
-12112 (base 3) to base 8
-225
-ad1 (base 16) to base 10
-2769
-18a (base 13) to base 7
-553
Convert 23410 (base 5) to base 10.
1730
2744 (base 11) to base 8
6745
What is -5508 (base 9) in base 14?
-169c
What is 16491 (base 12) in base 13?
11614
392 (base 12) to base 16
21e
-377 (base 15) to base 14
-403
104833 (base 9) to base 15
13863
11104 (base 6) to base 16
610
What is 4382 (base 12) in base 9?
11178
2104 (base 6) to base 3
122111
Convert -12192 (base 10) to base 3.
-121201120
Convert -211142 (base 5) to base 16.
-1b87
What is -176 (base 8) in base 14?
-90
404 (base 8